 5. Let z = -2 - x. What is the hundreds digit of a(z)?
1
Suppose -237*z = -501*z + 239*z + 247650. What is the units digit of z?
6
Let k = -86 + 91. Suppose -k*l + 7*l + 95 = r, 3*l + 9 = 0. What is the tens digit of r?
8
Let d be 6*4/(-6)*(-1339)/2. Suppose 28*c + d = 21746. What is the hundreds digit of c?
6
Let q be (-2 - -1)*(6 + -4 + -5). Suppose -2*t + 704 = -h - q*h, -1378 = -4*t + 2*h. What is the tens digit of t?
4
Suppose -35 = 5*p, 0 = -5*d + 3369*p - 3373*p + 103427. What is the hundreds digit of d?
6
What is the hundreds digit of ((-1)/3)/(4/50 + 2058637/(-25730775))?
0
Let p be (3 - (-3 + 5)) + -16. Let m be 139/3 - (-5)/p - 0. Let y = 158 - m. What is the tens digit of y?
1
Let v = -44 + 113. Suppose 5*c = 106 + v. What is the units digit of c?
5
Suppose -91 = -5*i + 9. Let x = i + -16. Suppose 2*p + 5*t + 58 = x*p, 0 = 5*p - 2*t - 124. What is the units digit of p?
4
What is the thousands digit of (-2)/(-18) - (-1229189)/117?
0
Let l(k) = -337*k + 343*k + 0 + 3*k**2 - k**3 - 5. Let f be l(4). Suppose f*x + 4*s - 143 = 216, -5*x + 4*s = -577. What is the tens digit of x?
1
What is the tens digit of 604/((-32)/56 + (-15)/(-21))?
2
Suppose h = 5*q - 7, -22*h - q = -26*h - 9. Let c be 11/(-3) - (-2)/3. What is the units digit of (h/c)/((-4)/(-504))?
4
Let g be ((-66)/2)/(1000/(-56) - -18). Let x = -145 + 14. Let r = x - g. What is the hundreds digit of r?
1
Let j(x) = -x**3 - 14*x**2 - 10*x + 54. Let r be j(-13). What is the units digit of r/(-2)*1/((-15)/700)?
0
Let k = -25 - -30. Suppose 285 = 3*j + 3*d + 60, -4*j = -k*d - 273. What is the units digit of (-27)/j + (-491)/(-8)?
1
Suppose 4*g - 195099 = -5*k, -3*k - 32*g + 26*g = -117063. What is the units digit of k?
9
Let f(x) = 2*x + 57. Let z(y) = -y - 58. Suppose i + 6 = -2*i. Let u(a) = i*z(a) - 3*f(a). What is the units digit of u(-16)?
9
Let a(c) = -22*c**3 - 6*c**2 + c + 1. Let h be (-6)/(-27) - (0 - 87/(-27)). What is the units digit of a(h)?
8
Suppose -17*f = 4*h - 14*f - 19, -4*h = -4*f - 40. Suppose 0 = -h*p + 1933 + 6628. What is the tens digit of p?
2
Let k = -198 + 200. What is the units digit of 103*k + 24/6?
0
What is the ten thousands digit of (-1898)/(-117) + -16 + (-287679)/(-27)?
1
Let t(j) be the second derivative of -7*j**3 + 7*j**2 + 13*j. Let y be t(-11). Suppose y = q + 3*q. What is the tens digit of q?
1
Suppose -20*t = -17*t + 3339. Let k = 1690 + t. What is the tens digit of k?
7
Let t(n) = 4302*n - 18688. What is the ten thousands digit of t(8)?
1
Let k(r) = 16*r - 74. Let o be k(9). Let n = o + 90. What is the hundreds digit of n?
1
Let x be 42/4 - (-1)/(-2). Let y(a) = -2*a + 35. Let u be y(8). Let r = x + u. What is the units digit of r?
9
Let o(m) = m**3 + 76*m**2 + 159*m + 4269. What is the thousands digit of o(-34)?
7
What is the tens digit of (-1440)/54 + 27 + (-149255)/(-3)?
5
Let u(r) = 16*r**3 - 59*r**2 - 5*r + 30. What is the hundreds digit of u(7)?
5
Let c be 18 + 1*4*(-12)/(-12). Suppose c*n - 1572 - 4148 = 0. What is the units digit of n?
0
Let o = 175 + -606. Let f = -63 - o. What is the units digit of f?
8
Let x be (387/(-6) - 3)*(-12 - -6). Let h = x + -342. What is the units digit of h?
3
Suppose -7033 = -81*f + 94*f. Let g = 1793 + f. What is the hundreds digit of g?
2
Suppose -86*j + 128*j = 513744. What is the units digit of j?
2
Let t(o) = 3*o - 77. Let f(r) = r - 26. Let y(w) = 11*f(w) - 4*t(w). Let d be y(20). Suppose -d*l - 112 = -4*l. What is the units digit of l?
6
Suppose 0 = -5*r + 2*b + 3030, b = 3*r - 0*b - 1818. What is the units digit of r/24*2*(9 + -1)?
4
Let u be 5047/11 + (-8)/(-44). Suppose u + 523 = 4*y + 2*w, 5*w + 743 = 3*y. What is the units digit of y?
6
Let x = -209 - -212. Suppose x*c - 3*p = 126 + 99, -3*c + 5*p = -227. What is the tens digit of c?
7
Suppose -19*r + 276 = 4*r. Suppose -r*d = 8*d - 8320. What is the units digit of d?
6
Suppose 5*s - 3*n + 12821 - 42417 = 0, 4*s - 3*n = 23678. What is the thousands digit of s?
5
Let j = 609 - 330. Suppose 277*x + 1170 = j*x. What is the units digit of x?
5
Let y = -234 - -204. Let i(w) = -w**3 - 32*w**2 - 67*w - 87. What is the units digit of i(y)?
3
Let o = -263 - -256. Let m(r) = 12*r**2 - 1. What is the hundreds digit of m(o)?
5
Suppose -2020 = 3*y - 5*h, y = -3*y - 2*h - 2676. Let c = -412 - y. What is the tens digit of c?
5
Let p be 93 - ((-6 - 0) + -1). Suppose -4*z - 16 = 0, 3*z - p = -i + z. What is the hundreds digit of i?
1
Suppose -2*z + 6948 = 2*s, -15*z + 6968 = 2*s - 18*z. What is the units digit of s?
8
Let h(a) = 10*a**2 + 441*a - 211. What is the thousands digit of h(-66)?
4
Let z(k) = 47*k + 6. Let d be z(11). Let h be d/(-7) + 6/(-21). What is the tens digit of (4 + -2)/1 - h?
7
Suppose -7*o = 3*q - 4*o - 18, q - 3*o + 6 = 0. Suppose 0 = 11*i - 8*i + 9, -k = q*i - 961. What is the tens digit of k?
7
Let f(r) = -1307*r + 64. Let w be f(-5). Suppose -10*j + 1601 + w = 0. What is the units digit of j?
0
Let z = -10867 - -16158. What is the units digit of z?
1
Suppose 0 = 374*z - 378*z - 2*u + 53968, 13497 = z + 3*u. What is the ten thousands digit of z?
1
Let c be (-6 - -14)*(4 + -2)/16. What is the units digit of 653 + (-5 - c)*(-1)/3?
5
Let y = 1008 - -23022. What is the tens digit of y?
3
Suppose 16*j - 248837 = -23173. What is the units digit of j?
4
Suppose 16*g - 15*g = 23*r - 25413, 3323 = 3*r + 4*g. What is the units digit of r?
5
Suppose 9 = 7*q - 40. Suppose 5*b - 2 + q = 0, 3*j - 3*b + 75 = 0. Let r = 87 + j. What is the tens digit of r?
6
Let d = -12799 + 22242. What is the units digit of d?
3
Let p = -189 - -186. Let v(j) = -89*j + 49. What is the hundreds digit of v(p)?
3
Let g = -180 + 182. Suppose 9 = -3*i, 0 = -6*o + 2*o + g*i + 1022. What is the tens digit of o?
5
Suppose -3*n + 32*x = 29*x - 125460, -41830 = -n - x. What is the hundreds digit of n?
8
Let l(o) = -o**3 + 3*o**2 + 11*o + 30. Let y be l(7). Let s = y - -496. What is the hundreds digit of s?
4
Let d(t) be the second derivative of 349*t**4/6 - 3*t**3 + t**2/2 - 3*t - 28. What is the units digit of d(1)?
1
Suppose -5*z + 294 = 2*k, 0*z + 3*z + k - 176 = 0. Suppose -b = 15 - z. Let n = b + -27. What is the units digit of n?
6
Suppose 3*v = 5*v + 356. Let b = 95 + v. Let h = 89 + b. What is the units digit of h?
6
Suppose 64*j + 45580 = 69*j. What is the thousands digit of j?
9
Suppose 0 = -m + 27 + 11. Let q be (-164)/(-12) + 2/6. Suppose -2*s + m = -q. What is the units digit of s?
6
Let x(a) = 3*a**3 + a**2. Let g be x(1). What is the hundreds digit of 285 - (17/g - (-75)/(-60))?
2
Suppose 2*n - 1936 - 990 = -2*q, 0 = q + 2*n - 1468. Let z = -797 + q. What is the units digit of z?
1
Let s(u) = 114*u**3 - 7*u**2 - 27*u + 23. What is the units digit of s(5)?
3
Suppose -c - 16*q + 12*q + 27412 = 0, 5*q - 109714 = -4*c. What is the thousands digit of c?
7
What is the thousands digit of 1 - -9289 - 6/6?
9
Suppose -3*d + 6098 = -4*o + 171814, 8*d = 3*d. What is the ten thousands digit of o?
4
Suppose -i + 0*c + 20 = -3*c, 5*i + 4*c - 5 = 0. Suppose 3*a + 270 + 509 = 5*d, 5*d - i*a - 785 = 0. What is the units digit of d?
4
Let k(i) = 615*i**2 - 8 - 613*i**2 - 12 - i**3 - 6*i. What is the hundreds digit of k(-6)?
3
Suppose -3*w = 2*i + 4, 39*w + 2 = 38*w. What is the units digit of (-1720)/(-5) + (i + 4 - 5)?
4
Suppose h + 8 = 5*g, 5*h = 2*g - 2 + 8. What is the hundreds digit of (-18750)/(-24) - g/8?
7
Let g(u) be the third derivative of 5*u**4/8 - u**3/2 - 26*u**2. What is the tens digit of g(1)?
1
Let v(g) = 2*g**3 + 8*g**2 + 130*g + 541. What is the thousands digit of v(27)?
9
Let r = 0 - 3. Let b be (r - 0)/((2 - 1)/46). Let z = -6 - b. What is the hundreds digit of z?
1
Suppose 0 = 2*g - 3*h + 16, 0 = 5*g + 2*h + 100 - 98. Let r(q) = 11*q + 4. Let f be r(5). Let u = f - g. What is the tens digit of u?
6
Let v be 4 + (4 - 9) - 340/2. Let n = 209 - v. What is the units digit of n?
0
Let x(a) = -99*a + 3374. What is the tens digit of x(-19)?
5
Suppose -24 = 5*j - 11*j. Suppose j*a = -35 + 107. What is the tens digit of a?
1
Let o be (-2)/(-1)*(3 - -290). Suppose 1840 = -o*q + 590*q. What is the hundreds digit of q?
4
Let l = 6895 + -5239. What is the thousands digit of l?
1
Suppose 68*o - 1 = 73*o - 11. Suppose 0*r + 28 = 4*r. What is the units digit of (61 - o)